actors of 2016847?
7, 23, 12527
What are the prime factors of 4015952?
2, 499, 503
What are the prime factors of 68293?
31, 2203
List the prime factors of 246537.
3, 23, 397
What are the prime factors of 354483?
3, 19, 691
What are the prime factors of 11967519?
3, 31, 128683
What are the prime factors of 32627?
7, 59, 79
List the prime factors of 80842.
2, 83, 487
List the prime factors of 6072729.
3, 13, 47, 3313
What are the prime factors of 221363?
181, 1223
List the prime factors of 1679018.
2, 11, 167, 457
What are the prime factors of 52189?
52189
What are the prime factors of 2456488?
2, 67, 4583
What are the prime factors of 758838?
2, 3, 126473
What are the prime factors of 1647663?
3, 549221
List the prime factors of 17847943.
17, 103, 10193
List the prime factors of 4247234.
2, 2123617
What are the prime factors of 814103?
277, 2939
List the prime factors of 12556.
2, 43, 73
List the prime factors of 149522.
2, 74761
What are the prime factors of 188541?
3, 6983
What are the prime factors of 5277182?
2, 571, 4621
List the prime factors of 7756022.
2, 59, 65729
What are the prime factors of 528328?
2, 66041
List the prime factors of 813330.
2, 3, 5, 7, 1291
What are the prime factors of 2039898?
2, 3, 7, 17, 2857
What are the prime factors of 243755?
5, 48751
What are the prime factors of 1246526?
2, 623263
What are the prime factors of 671366?
2, 61, 5503
What are the prime factors of 508011?
3, 7, 17, 1423
What are the prime factors of 267896?
2, 33487
What are the prime factors of 6678666?
2, 3, 337, 367
What are the prime factors of 1364822?
2, 682411
List the prime factors of 598741.
11, 13, 53, 79
What are the prime factors of 127223?
29, 41, 107
List the prime factors of 138997.
29, 4793
What are the prime factors of 6097816?
2, 762227
List the prime factors of 126231.
3, 7, 6011
List the prime factors of 419103.
3, 46567
What are the prime factors of 292150?
2, 5, 5843
List the prime factors of 3451364.
2, 7, 17609
What are the prime factors of 4259798?
2, 47, 45317
List the prime factors of 241510.
2, 5, 24151
What are the prime factors of 22411826?
2, 79, 83, 1709
List the prime factors of 200467.
200467
List the prime factors of 3635063.
29, 163, 769
List the prime factors of 2519717.
47, 53611
What are the prime factors of 117385?
5, 17, 1381
List the prime factors of 29499405.
3, 5, 13, 151279
What are the prime factors of 151340?
2, 5, 7, 23, 47
What are the prime factors of 24910557?
3, 7, 1186217
What are the prime factors of 417157?
13, 32089
List the prime factors of 1442428.
2, 13, 27739
List the prime factors of 5921589.
3, 31, 41, 1553
What are the prime factors of 21134896?
2, 1320931
What are the prime factors of 58163?
7, 1187
What are the prime factors of 908251?
29, 31319
What are the prime factors of 597652?
2, 11, 17, 47
List the prime factors of 52218.
2, 3, 967
What are the prime factors of 366181?
366181
What are the prime factors of 3079381?
3079381
What are the prime factors of 27749072?
2, 13, 71, 1879
List the prime factors of 193797.
3, 61, 353
What are the prime factors of 5101923?
3, 401, 4241
What are the prime factors of 148338?
2, 3, 41, 67
List the prime factors of 12059562.
2, 3, 17, 137, 863
What are the prime factors of 261736?
2, 32717
List the prime factors of 726124.
2, 7, 25933
List the prime factors of 1924910.
2, 5, 13, 17, 67
What are the prime factors of 5745413?
2383, 2411
What are the prime factors of 369503?
541, 683
List the prime factors of 1148880.
2, 3, 5, 4787
List the prime factors of 2782374.
2, 3, 7, 31, 2137
What are the prime factors of 3919065?
3, 5, 261271
List the prime factors of 72934.
2, 36467
List the prime factors of 9272297.
53, 137, 1277
What are the prime factors of 60333?
3, 7, 13, 17
List the prime factors of 311360.
2, 5, 7, 139
List the prime factors of 6299510.
2, 5, 7, 31, 2903
List the prime factors of 545159.
239, 2281
List the prime factors of 9312545.
5, 11, 169319
What are the prime factors of 348759?
3, 12917
What are the prime factors of 6701027?
23, 291349
List the prime factors of 4001921.
7, 11, 51973
What are the prime factors of 10954819?
10954819
List the prime factors of 760250.
2, 5, 3041
What are the prime factors of 9835478?
2, 1283, 3833
List the prime factors of 669519.
3, 137, 181
List the prime factors of 10308143.
10308143
List the prime factors of 199840.
2, 5, 1249
List the prime factors of 320417.
320417
List the prime factors of 15263225.
5, 71, 8599
What are the prime factors of 41414?
2, 20707
List the prime factors of 976733.
19, 51407
What are the prime factors of 2558369?
11, 19, 12241
What are the prime factors of 3208?
2, 401
List the prime factors of 404350.
2, 5, 8087
List the prime factors of 4164850.
2, 5, 31, 2687
List the prime factors of 2542272.
2, 3, 13241
What are the prime factors of 2966653?
17, 109, 1601
What are the prime factors of 329114?
2, 79, 2083
List the prime factors of 1723855.
5, 7, 49253
List the prime factors of 620708.
2, 11, 14107
What are the prime factors of 410104?
2, 51263
List the prime factors of 653477.
11, 59407
What are the prime factors of 666683?
666683
What are the prime factors of 11316159?
3, 113, 3709
List the prime factors of 227417.
277, 821
What are the prime factors of 8392107?
3, 29, 96461
What are the prime factors of 404019?
3, 7, 11, 53
What are the prime factors of 6314381?
193, 32717
What are the prime factors of 389985?
3, 5, 25999
What are the prime factors of 5459649?
3, 13, 139991
List the prime factors of 14019855.
3, 5, 37, 25261
What are the prime factors of 687541?
687541
What are the prime factors of 279158?
2, 11, 12689
What are the prime factors of 3125276?
2, 7, 11, 73, 139
What are the prime factors of 5708929?
31, 61, 3019
What are the prime factors of 15649679?
15649679
List the prime factors of 7293333.
3, 71, 97, 353
List the prime factors of 908823.
3, 302941
List the prime factors of 1054662.
2, 3, 7, 25111
List the prime factors of 184688.
2, 7, 17, 97
What are the prime factors of 3520046?
2, 67, 109, 241
What are the prime factors of 586816?
2, 53, 173
List the prime factors of 2061489.
3, 687163
What are the prime factors of 1070853?
3, 7, 50993
List the prime factors of 3360311.
941, 3571
List the prime factors of 72074.
2, 36037
What are the prime factors of 1438361?
59, 24379
What are the prime factors of 508103?
508103
What are the prime factors of 627489?
3, 113, 617
List the prime factors of 30401831.
17, 29, 61667
List the prime factors of 107179.
19, 5641
What are the prime factors of 4187189?
4187189
List the prime factors of 215880.
2, 3, 5, 7, 257
What are the prime factors of 335409?
3, 23, 4861
What are the prime factors of 2640595?
5, 29, 18211
What are the prime factors of 196072?
2, 24509
What are the prime factors of 554128?
2, 59, 587
List the prime factors of 14591123.
149, 97927
List the prime factors of 8163940.
2, 5, 408197
List the prime factors of 1660282.
2, 13, 63857
List the prime factors of 11062708.
2, 2765677
What are the prime factors of 811499?
13, 62423
What are the prime factors of 79749?
3, 8861
List the prime factors of 7609548.
2, 3, 311, 2039
What are the prime factors of 255004?
2, 37, 1723
List the prime factors of 328206.
2, 3, 19, 2879
List the prime factors of 421490.
2, 5, 113, 373
List the prime factors of 1712301.
3, 131, 4357
What are the prime factors of 2407460?
2, 5, 11, 31, 353
List the prime factors of 912715.
5, 277, 659
What are the prime factors of 2842704?
2, 3, 19, 1039
What are the prime factors of 16661416?
2, 41, 79, 643
List the prime factors of 170100.
2, 3, 5, 7
What are the prime factors of 358687?
7, 51241
What are the prime factors of 5968199?
5968199
What are the prime factors of 1499007?
3, 499669
List the prime factors of 8174143.
29, 281867
List the prime factors of 187858.
2, 11, 8539
List the prime factors of 10066034.
2, 11, 457547
What are the prime factors of 556908?
2, 3, 11, 4219
What are the prime factors of 1562825?
5, 11, 5683
What are the prime factors of 287667?
3, 31963
List the prime factors of 305779.
17, 17987
What are the prime factors of 908624?
2, 109, 521
What are the prime factors of 490849?
490849
What are the prime factors of 691836?
2, 3, 57653
Wh